 4 - 12 - -14.
-22
What is -9 - (-30 + 8) - (3 + 10) - 42?
-42
Evaluate -1204 + 1216 + (25 - -3).
40
-16 + (-1 - 24 - (-261 - -249)) + (10 - 2)
-21
What is (-86 - (-12 - (-6 + -47 + 16))) + -9?
-120
Calculate -1 - -1 - (59 + -50 + -24).
15
What is the value of 8 + -13 + (31 + -8 - 2) + -1 - -111?
126
What is 1 - 13 - (-3345 + 3347)?
-14
What is the value of -32 + 60 + (-346 - -413)?
95
Evaluate (-8 - 2) + (-17 - -9) + 5 + 49.
36
What is the value of -31 + 4 + 10 - (12 - -21)?
-50
(3 - 0) + -19 + (-19 - -35) + 41 + -12
29
Calculate -10 - (24 + (-14 + -3 - -26) + -13 + 5).
-35
Calculate 22 + -110 + (77 - 60).
-71
What is the value of 10 - ((31 - -2) + (11 - -19 - 39))?
-14
Evaluate (11 + -20 + 65 - 23) + 24.
57
What is 10 + (1 - (-17 - (1 + -24) - 39))?
44
What is the value of 65 - (-8 + -6 + -4 + 2 + (24 - 7))?
64
Calculate (-3 - -9) + -4 + 13 - (-44 + 11 - -48).
0
Calculate 2 + -6 - (-4 - (0 - -4) - -11).
-7
Evaluate 41 + (19 - -51) + 2 + -6 + 16.
123
Calculate -53 + (0 - -6) - (-7 - 4).
-36
Evaluate -10 + (-61 - 14) - (-14 + -13 + 17) - 9.
-84
What is 8 - (-14 + 3 - 0 - (44 - (-49 - 41)))?
153
What is the value of (-8 - -24) + -1 + (11 - -14) + 13?
53
Evaluate 83 + -81 + -12 - (-8 - -2).
-4
Calculate (-118 - 28) + 124 - (2 - 156).
132
Evaluate 82 + (-81 - 4 - 33).
-36
What is the value of -1 - -1 - -7 - (-77 + 80 - (-2 - 9))?
-7
What is the value of 11 + (2 + -39 - -18)?
-8
(27 - 7) + (1 - (1 - 5) - (-142 - -133))
34
Evaluate -64 + 126 + 20 + 10.
92
What is (6 + 0 - 11) + (-8 - 1) - -6 - 45?
-53
What is the value of (-133 - -150 - (5 - 7 - -11)) + -1 + -3?
4
-8 + 15 + -4 + -12 + -9 + -8
-26
Evaluate -135 + 3 + 35 + 41.
-56
Calculate (8 - (-40 + (-36 - -89))) + -39.
-44
What is the value of 0 - 3 - (48 + -36 + -21)?
6
What is the value of (323 - 342 - (-18 + 2)) + -5?
-8
What is the value of (-1 - (-25 - (10 - 7))) + -36?
-9
What is -98 + -8 + 6 + 804 + -796?
-92
What is the value of (249 - 1) + (11542 - 11664)?
126
What is the value of -21 + 9 + -6 - (30 - 45)?
-3
What is the value of (21 - 24 - -50) + -7 + 2?
42
Calculate (129 - 107 - (-1 - -4)) + -4.
15
What is the value of -11 + (22 + 6 - (394 - 449))?
72
Evaluate (5651 - 5654) + 45 + (1 - 0).
43
67 + 19 + -72 + -12
2
What is -28 + (14 + 15 - 18) + -24?
-41
What is 37 + (-59 - -32) + -7 - -10?
13
Calculate (-12 - (-12 + 8)) + -4 + 277 + -270.
-5
What is the value of 39 - (3 - -47) - 35?
-46
Calculate 3 + -1 + (-150 + 83 - -65).
0
Calculate 28 - (48 + 118 + -162).
24
23 + 12 + (0 - -5) + -13
27
Evaluate -31 - (18 - 43) - 2.
-8
Evaluate 0 + (69 - 60) + -1 + -10 - -72.
70
What is the value of -22 - -42 - ((16 - (-4 + -5)) + 9)?
-14
What is (-30 - (-70 + 39 + 26)) + 0 + 107?
82
What is the value of (-67 - -25 - -70) + -18?
10
-1 - ((238 - 234 - (-2 + 10 - 1)) + -64)
66
What is -10 - -17 - (-23 - -50) - -12?
-8
What is (18 - (18 - 11 - -5)) + 0 + 87 + 4?
97
Calculate (3 + 17 - (151 - 122)) + 13.
4
Evaluate (-23 - -2 - (-31 + 18 + 0)) + -86.
-94
What is -939 - -918 - (-47 - (2 + 1))?
29
(-37 - -2 - -21) + 8 + (-7 - 0)
-13
Evaluate 25 + (-14 - -20) - 81 - (-3 + 2).
-49
(-40 + 32 + 39 - -10) + 39
80
What is the value of (-12 - (-6 + 10) - 17) + -48?
-81
What is (-24 - -28) + 25 + 33?
62
What is 4 - (20 + -62 - -100)?
-54
(-3 - (-157 - -137 - (2 - 102))) + -6
-89
Calculate 1 + -16 - ((-12 - -10 - 25) + 11).
1
Evaluate (-1 - 87) + -169 + (-191 - -410).
-38
What is -3 - -5 - (1 - -14) - ((-27 - 20) + 8)?
26
Calculate -216 + 286 - (-7 - -15).
62
-113 + (-22 + -12 + 26 + -15 - -7)
-129
Evaluate -7 + (6 - (-10 - -6) - (2 + 6)) + 94.
89
Evaluate (1 - 9) + -3 - -100 - (6 + -19 + 3).
99
What is -30 - (47 - (95 - 57))?
-39
Evaluate (-5627 - -5544) + (0 - -25).
-58
Calculate 54 + -5 + 2 + -5 + -4.
42
Calculate 125 - (68 - (-63 - -68)).
62
What is the value of -60 - (-21 + -72 - -27)?
6
Calculate -12 - (22 - (-27 + 6) - (0 + 4)).
-51
Evaluate (-22 + 42 - 53 - -53) + -81 + 4.
-57
What is -119 - -140 - (1 + 93 - (18 - 10))?
-65
-3 - (9 + 19 - -13) - (3 - -1)
-48
What is the value of (-41 - -59) + 29 + (-3 - -5) + -11?
38
Evaluate 3 + (5 - 3) - (88 + 1 + (-36 - 0)).
-48
Evaluate 44 + -16 + -11 + -1 + 31.
47
Calculate 0 + (4 - 1) + 1 - 10 - (599 + -608).
3
What is the value of 1 + 66 - (13 + 14 + (-33 - -7) + 6)?
60
Evaluate -23 - (-40 - -78 - 31).
-30
(2 - 5) + (243 - 271) + 20
-11
What is the value of ((3 - 21 - -21) + -14 - -115) + -8?
96
What is the value of -16 + (4 - (4 - 12)) + (-1 - -1) - 45?
-49
Calculate 9 + (-6 - 7) - (-104 - -28).
72
What is the value of (0 - (-4 - (29 - 6)) - (8 + -2)) + -9?
12
-2 - (3 - -1) - (-236 - -238)
-8
What is (-23 - -42) + -30 - -26?
15
9 + (-9 - (4 + -30 + 16))
10
Calculate 41 + (69 - 49) - 89.
-28
What is the value of (-50 - -15) + 69 + 6?
40
Calculate (-14 + 8 - -20 - (56 + 10 + 2)) + 0.
-54
(-38 - 0 - -21) + 95 + -33
45
83 - (-250 + 303) - (0 + -22)
52
What is the value of -4 - 54 - (-1464 - -1403)?
3
What is the value of 3 + -26 + 10 - -6 - -6 - 34?
-35
What is the value of -57 + 15 + 27 + -6 + -39 + 4?
-56
What is the value of 1611 + -1805 + (-2 - -129)?
-67
Calculate 5 - -14 - (23 - (-1 + 29)).
24
Calculate 89 + -5 + (-418 - -355).
21
Evaluate -103 - 0 - (-59 - (-4 + -41 + 19) - -45).
-115
Calculate -6 + 1 - (-204 + 187) - 19 - -31.
24
What is (-2 - 15) + 3 - (-2 + -57 - (159 + -123))?
81
What is the value of 20 + -14 + 6 + -17 + (-3 - 1) + 9?
0
Calculate 31 - (69 - 54 - -50).
-34
What is the value of -8 + 7 + -3 + 0 + 41 - (-5 + 11)?
31
Evaluate -148 + 233 + -19 + (-13 - -5).
58
What is the value of 147 + (-328 - -106) - (-2 - (14 + 0))?
-59
Evaluate -36 + 21 + (-11 - -45).
19
Calculate 67 + (-132 - -41) + 15 + -1 - 35.
-45
Evaluate 17 + (-15 - 42) - (71 + -102).
-9
(-32 - -28) + 55 + -84 + 17
-16
35 - (42 - (38 - -20 - -20))
71
Calculate 113 + -34 + -7 + (7 + -3 - 6).
70
(13 + (-24 - -20) - -10) + -15
4
Evaluate -29 - ((4 - 43) + -16).
26
(26 + -39 - -14) + (14 - 1) - -1
15
What is the value of (2 - 13) + (5 - (-2 - 0)) - (-22 - 0)?
18
What is -2811 + 2761 - (-1 - -9)?
-58
What is the value of (-4 - (7 + -1)) + 119 + -109?
0
Evaluate 1 - -55 - ((2 - -13) + (-69 - -28) + 32).
50
What is the value of 24 - (5 - 11 - 6 - (6 + 0 + -8))?
34
Calculate -15 - (-168 - -61) - 53.
39
Evaluate 34 - 35 - (-2 + 0 + 7).
-6
Calculate (-10 - -71 - 3) + -28 + (24 - -5).
59
-2 - (2 - 1) - (123 + -126 + 25)
-25
Evaluate -165 + (-73 - (-243 + 94)).
-89
What is -9 + (-9 - -8) + 25 + (-1 - -10)?
24
Evaluate 46 + (20 - 18) + -61.
-13
2268 + -2252 - (-9 - (-4 + (5 - 4)))
22
Calculate (151 - 38) + -95 - 140.
-122
What is the value of -44 + (-126 - -154) + 54?
38
What is the value of 2 + (-201 - -192) + 60 + 0 + 4?
57
62 + (-1 - 6) + (-7 - (1 - (9 + -5)))
51
Calculate -12 - (-16 + 9 + (-2 - -4) + 11).
-18
What is -79 + 6 + -16 - (40 - 44) - (-5 + 1)?
-81
Calculate (-8 - (44 + -9)) + (46 - 31).
-28
Calculate -5 - 1 - ((-95 - -12) + -3 - -29).
51
Evaluate 2 - 15 - (18 - (17 + -40 + 58) - -48).
-44
(34 - 22) + -19 + -9 - 63
-79
Evaluate 50 + 13 + -6 - (-33 + 16 + 14).
60
Evaluate (-43 - -6 - -51) + (-15 - 3).
-4
57 + (-84 - -10 - -13) - (14 + -2 - 2)
-14
Calculate 1 - 8 - (-35 + 35 + 4).
-11
Evaluate (-130 - (-63 - -67)) + 205.
71
7 - (-6 + 12) - -54 - (15 + (-3 - 0))
43
Evaluate (-16 - (-4 - (3 + 25))) + 19.
35
Calculate -6 + (2288 - 2255 - (9 - 0)).
18
Evaluate -97 - (-5 - -1 - (86 + -83) - (3 - -4)).
-83
What is -2 - (-25 + (2 + (1 - 0) - -2) + -8)?
26
What is 0 + (10 - (7 + (5 - (6 + -19))))?
-15
Evaluate 10 + (-6 - -9) + 4 + (-7 - -17) + -93.
-66
Calculate 55 + (13 - 32) + (-95 - -102).
43
Calculate 44 + (-53 + 26 - 0) - 86.
-69
81 - (59 - (-44 + -44))
-66
-43 - (4 + -33 + 27)
-41
What is -41 + 79 + -107 + 61?
-8
What is -53 - -89 - (-83 + 9)?
110
Calculate (23 + -4 - (-12 + 29)) + (1 - 85).
-82
Calculate (77 + -101 - ((3 - -2) + 4)) + -1.
-34
What is the value of 31 + -35 + -21 - -26 - -8?
9
Evaluate 12 + -2 + (49 + -1 - (38 - (-13 - -47))).
54
Calculate (-2 - 50) + (21 - (43 - 41)).
-33
9 + 5 + -5 - (293 + -273) - -15
4
Evaluate -16 + 64 + -1 + 59 + 23.
129
Calculate 0 + -48 + -15 + (-8 + 14 - -10).
-47
-9 - (-30 + (86 - 29)) - -99
63
-67 - 5 - (51 + -109)
-14
Evaluate (-20 - 1) + 41 + -125 + 61.
-44
Evaluate 44 - -11 - (62 + -29).
22
What is 44 - (1 + 46 + 30)?
-33
What is the value 